{"id":6,"date":"2016-08-03T20:35:40","date_gmt":"2016-08-03T20:35:40","guid":{"rendered":"http:\/\/localhost:4001\/transparencia\/?page_id=6"},"modified":"2022-07-13T11:15:40","modified_gmt":"2022-07-13T15:15:40","slug":"politicas-de-privacidad","status":"publish","type":"page","link":"https:\/\/edeeste.com.do\/transparencia\/index.php\/politicas-de-privacidad\/","title":{"rendered":"Pol\u00edticas de Privacidad"},"content":{"rendered":"<p>Estas Pol\u00edticas (en adelante, las \u201cPol\u00edticas\u201d) condicionan el uso de los servicios del Portal de Internet \u201chttp:\/\/www.edeeste.com.do\/transparencia\u201d (en adelante, el \u201cPortal\u201d) de la Empresa Distribuidora de Electricidad del Este, S.A., (EDE Este), en lo que sigue, \u201cEDE Este\u201d, sociedad de servicio p\u00fablico constituida de conformidad con las leyes de la Rep\u00fablica Dominicana y bajo el liderazgo y coordinaci\u00f3n de la Corporaci\u00f3n Dominicana de Empresas El\u00e9ctricas Estatales (CDEEE), a partir de la Ley de Reforma de la Empresa P\u00fablica No.141-97 de junio de 1997, y de la Ley General de Electricidad 125-01 de fecha 26 de julio de 2001; con domicilio social en la Carretera Mella, Esquina Av. San Vicente de Pa\u00fal, Centro Comercial Megacentro, 1er. Piso, Paseo de la Fauna, Local 53-a, sector Cancino I, Provincia Santo Domingo, Municipio Santo Domingo Este, Rep\u00fablica Dominicana.<\/p>\n<ul>\n<li><strong>Condiciones:<\/strong><\/li>\n<\/ul>\n<p style=\"padding-left: 30px;\">1. Menores de edad.- Para hacer uso de los Servicios que requieran la recopilaci\u00f3n de Datos Personales por parte de EDE Este a trav\u00e9s del Portal, los menores de edad deben obtener permiso previo por parte de sus padres, tutores o representantes legales, quienes ser\u00e1n considerados responsables de todos los actos realizados por los menores dispuestos a su cargo.<\/p>\n<p style=\"padding-left: 30px;\">2. Obligaci\u00f3n de hacer un uso correcto del Portal y de los Servicios. El Usuario se compromete a utilizar el Portal y los Servicios de conformidad con la ley, las presentes Pol\u00edticas, los T\u00e9rminos de Uso, las Condiciones Particulares de ciertos Servicios y dem\u00e1s avisos e instrucciones puestos en su conocimiento, as\u00ed como el orden p\u00fablico, la moral y las buenas costumbres generalmente aceptadas.<\/p>\n<p style=\"padding-left: 30px;\">3. El Usuario deber\u00e1 abstenerse de obtener e incluso de intentar obtener los Contenidos empleando para ello medios o procedimientos distintos de los que, seg\u00fan los casos, se hayan puesto a su disposici\u00f3n al efecto o se hayan indicado en las p\u00e1ginas Web donde se encuentren los contenidos o, en general, de los que se empleen habitualmente en la Internet, siempre que no entra\u00f1en un riesgo de da\u00f1o o inutilizaci\u00f3n del Portal, de los Servicios y\/o de los contenidos.<\/p>\n<p style=\"padding-left: 30px;\">4. El Usuario o terceros perjudicados por la recepci\u00f3n de mensajes no solicitados dirigidos a una pluralidad de personas podr\u00e1n comunic\u00e1rselo a EDE Este, remitiendo un mensaje a la siguiente direcci\u00f3n de correo electr\u00f3nico: relacionespublicas@edeeste.com.do<\/p>\n<ul>\n<li><strong>No licencia:<\/strong><\/li>\n<\/ul>\n<p style=\"padding-left: 30px;\">5. Propiedad Intelectual. Todas las marcas, nombres comerciales o signos distintivos de cualquier clase que aparecen en el Portal son propiedad de EDE Este o de terceros, sin que pueda entenderse que el uso o acceso al Portal y\/o a los Servicios atribuya al Usuario derecho alguno sobre los citados signos distintivos.<\/p>\n<p style=\"padding-left: 30px;\">Asimismo, los Contenidos son propiedad intelectual de EDE Este o de terceros, seg\u00fan sea el caso, sin que puedan entenderse cedidos al Usuario, en virtud de lo establecido en estas Pol\u00edticas, ninguno de los derechos de explotaci\u00f3n que existen o puedan existir sobre dichos contenidos m\u00e1s all\u00e1 de lo estrictamente necesario para el correcto uso del Portal y de los Servicios; es decir, el Usuario podr\u00e1 consultar, copiar y almacenar en el disco duro de su computadora o en cualquier otro soporte f\u00edsico, imprimir o reproducir el material disponible en esta p\u00e1gina Web, exclusivamente para su uso personal o privado, o el que se realice dentro de su empresa u organizaci\u00f3n, haciendo menci\u00f3n en todo momento de la propiedad exclusiva que sobre \u00e9ste posee EDE Este, quedando terminantemente prohibido realizar alteraciones, modificaciones o descompilaci\u00f3n de su contenido.<\/p>\n<p style=\"padding-left: 30px;\">6. Comercializaci\u00f3n. Queda estrictamente prohibida la comercializaci\u00f3n en cualquier forma y bajo cualquier t\u00edtulo del material contenido en este sitio, sin contar con la previa autorizaci\u00f3n por escrito de EDE Este. Este portal podr\u00e1 contener informaci\u00f3n proveniente de otras fuentes, por lo que en estos casos se deber\u00e1 requerir el consentimiento de ellas para su reproducci\u00f3n.<\/p>\n<ul>\n<li><strong>Exclusi\u00f3n de garant\u00edas y de responsabilidad:<\/strong><\/li>\n<\/ul>\n<p style=\"padding-left: 30px;\">7. Condiciones generales. El uso del Portal es por cuenta y riesgo propios. El Portal, incluyendo la informaci\u00f3n, el contenido y los servicios, se ofrece en base a \u201ctal y como est\u00e1\u201d, \u201csin garant\u00edas de disponibilidad\u201d ni \u201cde estar exento de errores u omisiones\u201d. EDE Este tampoco hace ninguna declaraci\u00f3n, garantiza, ofrece condiciones, o da garant\u00edas de modo alguno sobre la utilidad, calidad, idoneidad, veracidad, exactitud o integridad del Portal.<\/p>\n<p style=\"padding-left: 30px;\">8. Disponibilidad y continuidad, utilidad y falibilidad. EDE Este no garantiza la disponibilidad y continuidad del funcionamiento del Portal y de los Servicios. Cuando ello sea razonablemente posible, EDE Este advertir\u00e1 previamente de las interrupciones en el funcionamiento del Portal y de los Servicios. EDE Este tampoco garantiza la utilidad del Portal y de los Servicios para la realizaci\u00f3n de ninguna actividad en concreto, ni su infalibilidad y, en particular, aunque no de modo excluyente, que el Usuario pueda efectivamente utilizar el Portal y los Servicios, acceder a las distintas p\u00e1ginas Web que forman el Portal o a aquellas desde las que se prestan los Servicios.<\/p>\n<p style=\"padding-left: 30px;\">EDE Este excluye cualquier responsabilidad por da\u00f1os y perjuicios de toda naturaleza que puedan deberse a la falta de disponibilidad o de continuidad del funcionamiento del portal y de los servicios, a la defraudaci\u00f3n de la utilidad que el usuario hubiere podido atribuir al portal y\/o a los servicios, a la falibilidad del portal y\/o de los servicios, y en particular, aunque no de modo excluyente, a los fallos en el acceso a las distintas p\u00e1ginas web del portal o a aquellas desde las que se prestan los servicios.<\/p>\n<p style=\"padding-left: 30px;\">9. Privacidad y seguridad en la utilizaci\u00f3n del Portal y de los Servicios. EDE Este no garantiza la privacidad y seguridad de la utilizaci\u00f3n del Portal y de los Servicios y, en particular, no garantiza que terceros no autorizados no puedan tener conocimiento de la clase, condiciones, caracter\u00edsticas y circunstancias del uso que el Usuario hace del Portal y de los Servicios.<\/p>\n<p style=\"padding-left: 30px;\">10. Calidad. EDE Este no controla ni garantiza la ausencia de virus ni de otros elementos en los Contenidos que puedan producir alteraciones en su sistema inform\u00e1tico (software y hardware) o en los documentos electr\u00f3nicos y ficheros almacenados en su sistema inform\u00e1tico. El usuario asume todos los riesgos por cualquier da\u00f1o o desperfecto que sufra su equipo inform\u00e1tico o por la p\u00e9rdida de informaci\u00f3n que se derive de haber recibido contenido de la p\u00e1gina, incluyendo los da\u00f1os provocados por virus inform\u00e1ticos.<\/p>\n<p style=\"padding-left: 30px;\">11. Veracidad, exactitud y actualidad. EDE Este se excluye de cualquier responsabilidad por los da\u00f1os y perjuicios de toda naturaleza que puedan generarse por la falta de veracidad, exactitud y\/o actualidad de los contenidos.<\/p>\n<p style=\"padding-left: 30px;\">12. Licitud, fiabilidad y utilidad. EDE Este no garantiza la licitud, fiabilidad y utilidad de los servicios prestados por terceros a trav\u00e9s del Portal. EDE Este se EXCLUYE DE CUALQUIER RESPONSABILIDAD POR LOS DA\u00d1OS Y PERJUICIOS DE TODA NATURALEZA QUE PUEDAN GENERARSE POR LOS SERVICIOS PRESTADOS POR TERCEROS A TRAV\u00c9S DEL PORTAL.<\/p>\n<p style=\"padding-left: 30px;\">13. Responsabilidad. EDE Este no ser\u00e1 responsable de ning\u00fan da\u00f1o directo, especial, derivado o secundario que sea consecuencia directa o indirecta del uso del Portal, aun cuando EDE Este estuviera al tanto o pudiera haber previsto razonablemente la posibilidad de que ocurrieran dichos da\u00f1os, de manera enunciativa pero no limitativa, los da\u00f1os y perjuicios debido:<\/p>\n<ol style=\"list-style-type: lower-alpha;\">\n<li>Al uso o imposibilidad de uso del Portal;<\/li>\n<li>A declaraciones o conducta de terceros en el Portal, incluyendo de manera enunciativa pero no limitativa el acceso no autorizado o la alteraci\u00f3n de las transmisiones o datos, el comportamiento malicioso o delictivo, o las transacciones falsas o fraudulentas; y,<\/li>\n<li>Al contenido o informaci\u00f3n que el Usuario pueda descargar, utilizar, modificar o destruir.<\/li>\n<\/ol>\n<ul>\n<li><strong>Procedimiento en caso de realizaci\u00f3n de actividades de car\u00e1cter il\u00edcito:<\/strong><\/li>\n<\/ul>\n<p style=\"padding-left: 30px;\">14. En el caso de que cualquier Usuario o un tercero considere que existen hechos o circunstancias que revelen el car\u00e1cter il\u00edcito de la utilizaci\u00f3n de cualquier contenido y\/o de la realizaci\u00f3n de cualquier actividad en las p\u00e1ginas Web incluidas o accesibles a trav\u00e9s del Portal, y, en particular, de la violaci\u00f3n de derechos de propiedad intelectual u otros derechos, deber\u00e1 enviar una notificaci\u00f3n a EDE Este, remitiendo un mensaje a la siguiente direcci\u00f3n de correo electr\u00f3nico: relacionespublicas@edeeste.com.do, en la que se exprese lo siguiente:<\/p>\n<ol style=\"list-style-type: lower-alpha;\">\n<li>Datos personales del reclamante: nombre, n\u00famero de c\u00e9dula (o pasaporte, en caso de extranjeros), direcci\u00f3n, n\u00famero de tel\u00e9fono y direcci\u00f3n de correo electr\u00f3nico;<\/li>\n<li>Especificaci\u00f3n de la supuesta actividad il\u00edcita llevada a cabo en el Portal y, en particular, cuando se trate de una supuesta violaci\u00f3n de derechos, indicaci\u00f3n precisa y concreta de los contenidos protegidos as\u00ed como de su localizaci\u00f3n en las p\u00e1ginas Web;<\/li>\n<li>Hechos o circunstancias que revelan el car\u00e1cter il\u00edcito de dicha actividad;<\/li>\n<li>En el supuesto de violaci\u00f3n de derechos, firma manuscrita o equivalente, con los Datos Personales del titular de los derechos supuestamente infringidos o de la persona autorizada para actuar en nombre y por cuenta de \u00e9sta;<\/li>\n<li>Declaraci\u00f3n expresa, clara y bajo la responsabilidad del reclamante de que la informaci\u00f3n proporcionada en la notificaci\u00f3n es exacta y del car\u00e1cter il\u00edcito de la utilizaci\u00f3n de los contenidos o de la realizaci\u00f3n de las actividades descritas.<\/li>\n<\/ol>\n<ul>\n<li><strong>Usuarios fuera de la Rep\u00fablica Dominicana:<\/strong><\/li>\n<\/ul>\n<p style=\"padding-left: 30px;\">15. Los contenidos del Portal son controlados por EDE Este, desde sus oficinas en territorio de la Rep\u00fablica Dominicana. EDE Este pone de manifiesto que es posible que estos contenidos no sean apropiados o no est\u00e9n disponibles para su uso desde un lugar situado fuera del territorio dominicano. El acceso a los contenidos del Portal est\u00e1 prohibido desde los territorios en los cuales, seg\u00fan la legislaci\u00f3n vigente en los mismos, sean contenidos ilegales. El acceso desde un lugar fuera de la Rep\u00fablica Dominicana estar\u00e1 sujeto al cumplimiento de las leyes aplicables en dicho lugar. Est\u00e1 prohibido el uso de este portal o sus contenidos, cuando estos supongan una violaci\u00f3n de las leyes y dem\u00e1s regulaciones vigentes.<\/p>\n<ul>\n<li><strong>Notificaciones:<\/strong><\/li>\n<\/ul>\n<p style=\"padding-left: 30px;\">16. Todas las notificaciones y comunicaciones (en adelante, las \u201cNotificaciones\u201d) por parte del Usuario EDE Este se considerar\u00e1n eficaces, a todos los efectos, cuando se nos env\u00eden por mensajer\u00eda a la siguiente direcci\u00f3n: Carretera Mella, Esquina Av. San Vicente de Pa\u00fal, Centro Comercial Megacentro, 1er. Piso (Nivel), Paseo de la Fauna, Local 53-a, sector Cancino I, Provincia Santo Domingo, Municipio Santo Domingo Este, R.D.<\/p>\n<ul>\n<li><strong>Legislaci\u00f3n aplicable:<\/strong><\/li>\n<\/ul>\n<p style=\"padding-left: 30px;\">17. Las Presentes Pol\u00edticas se rigen en todas y cada una de sus partes por las leyes de la Rep\u00fablica Dominicana.<\/p>\n<ul>\n<li><strong>Jurisdicci\u00f3n:<\/strong><\/li>\n<\/ul>\n<p style=\"padding-left: 30px;\">18. EDE Este y el Usuario, con renuncia t\u00e1cita a cualquier otro fuero, se someten al de los tribunales de la Rep\u00fablica Dominicana.<\/p>\n<ul>\n<li><strong>Observaciones y sugerencias:<\/strong><\/li>\n<\/ul>\n<p style=\"padding-left: 30px;\">19. Para cualquier sugerencia, propuesta de colaboraci\u00f3n, disputa o controversia, puede hacerlo personalmente, por correo al domicilio ya facilitado, dirigi\u00e9ndose a la direcci\u00f3n de correo electr\u00f3nico relacionespublicas@edeeste.com.do, o al n\u00famero de tel\u00e9fono 809-788-2373. Esta direcci\u00f3n de correo electr\u00f3nico est\u00e1 siendo protegida de \u201cspam bots\u201d.<\/p>\n","protected":false},"excerpt":{"rendered":"<p>Estas Pol\u00edticas (en adelante, las \u201cPol\u00edticas\u201d) condicionan el uso de los servicios del Portal de Internet \u201chttp:\/\/www.edeeste.com.do\/transparencia\u201d (en adelante, el \u201cPortal\u201d) de la Empresa Distribuidora de Electricidad del Este, S.A., (EDE Este), en lo que sigue, \u201cEDE Este\u201d, sociedad de servicio p\u00fablico constituida de conformidad con las leyes de la Rep\u00fablica Dominicana y bajo el [&hellip;]<\/p>\n","protected":false},"author":1,"featured_media":0,"parent":0,"menu_order":0,"comment_status":"closed","ping_status":"closed","template":"","meta":{"footnotes":""},"class_list":["post-6","page","type-page","status-publish","hentry"],"yoast_head":"<!-- This site is optimized with the Yoast SEO plugin v23.5 - https:\/\/yoast.com\/wordpress\/plugins\/seo\/ -->\n<title>Pol\u00edticas de Privacidad | Empresa Distribuidora de Electricidad del Este<\/title>\n<meta name=\"robots\" content=\"index, follow, max-snippet:-1, max-image-preview:large, max-video-preview:-1\" \/>\n<link rel=\"canonical\" href=\"https:\/\/edeeste.com.do\/transparencia\/index.php\/politicas-de-privacidad\/\" \/>\n<meta property=\"og:locale\" content=\"es_ES\" \/>\n<meta property=\"og:type\" content=\"article\" \/>\n<meta property=\"og:title\" content=\"Pol\u00edticas de Privacidad | Empresa Distribuidora de Electricidad del Este\" \/>\n<meta property=\"og:description\" content=\"Estas Pol\u00edticas (en adelante, las \u201cPol\u00edticas\u201d) condicionan el uso de los servicios del Portal de Internet \u201chttp:\/\/www.edeeste.com.do\/transparencia\u201d (en adelante, el \u201cPortal\u201d) de la Empresa Distribuidora de Electricidad del Este, S.A., (EDE Este), en lo que sigue, \u201cEDE Este\u201d, sociedad de servicio p\u00fablico constituida de conformidad con las leyes de la Rep\u00fablica Dominicana y bajo el [&hellip;]\" \/>\n<meta property=\"og:url\" content=\"https:\/\/edeeste.com.do\/transparencia\/index.php\/politicas-de-privacidad\/\" \/>\n<meta property=\"og:site_name\" content=\"Empresa Distribuidora de Electricidad del Este\" \/>\n<meta property=\"article:publisher\" content=\"https:\/\/www.facebook.com\/EDEEste\" \/>\n<meta property=\"article:modified_time\" content=\"2022-07-13T15:15:40+00:00\" \/>\n<meta property=\"og:image\" content=\"https:\/\/edeeste.com.do\/transparencia\/wp-content\/uploads\/2017\/01\/Logo-EDEEste-Azul-Amarillo.png\" \/>\n\t<meta property=\"og:image:width\" content=\"2471\" \/>\n\t<meta property=\"og:image:height\" content=\"1125\" \/>\n\t<meta property=\"og:image:type\" content=\"image\/png\" \/>\n<meta name=\"twitter:card\" content=\"summary_large_image\" \/>\n<meta name=\"twitter:site\" content=\"@EdeesteRD\" \/>\n<meta name=\"twitter:label1\" content=\"Tiempo de lectura\" \/>\n\t<meta name=\"twitter:data1\" content=\"10 minutos\" \/>\n<script type=\"application\/ld+json\" class=\"yoast-schema-graph\">{\"@context\":\"https:\/\/schema.org\",\"@graph\":[{\"@type\":\"WebPage\",\"@id\":\"https:\/\/edeeste.com.do\/transparencia\/index.php\/politicas-de-privacidad\/\",\"url\":\"https:\/\/edeeste.com.do\/transparencia\/index.php\/politicas-de-privacidad\/\",\"name\":\"Pol\u00edticas de Privacidad | Empresa Distribuidora de Electricidad del Este\",\"isPartOf\":{\"@id\":\"https:\/\/edeeste.com.do\/transparencia\/#website\"},\"datePublished\":\"2016-08-03T20:35:40+00:00\",\"dateModified\":\"2022-07-13T15:15:40+00:00\",\"breadcrumb\":{\"@id\":\"https:\/\/edeeste.com.do\/transparencia\/index.php\/politicas-de-privacidad\/#breadcrumb\"},\"inLanguage\":\"es\",\"potentialAction\":[{\"@type\":\"ReadAction\",\"target\":[\"https:\/\/edeeste.com.do\/transparencia\/index.php\/politicas-de-privacidad\/\"]}]},{\"@type\":\"BreadcrumbList\",\"@id\":\"https:\/\/edeeste.com.do\/transparencia\/index.php\/politicas-de-privacidad\/#breadcrumb\",\"itemListElement\":[{\"@type\":\"ListItem\",\"position\":1,\"name\":\"Inicio\",\"item\":\"https:\/\/edeeste.com.do\/transparencia\/\"},{\"@type\":\"ListItem\",\"position\":2,\"name\":\"Pol\u00edticas de Privacidad\"}]},{\"@type\":\"WebSite\",\"@id\":\"https:\/\/edeeste.com.do\/transparencia\/#website\",\"url\":\"https:\/\/edeeste.com.do\/transparencia\/\",\"name\":\"Empresa Distribuidora de Electricidad del Este\",\"description\":\"Transparencia EDEESTE\",\"publisher\":{\"@id\":\"https:\/\/edeeste.com.do\/transparencia\/#organization\"},\"potentialAction\":[{\"@type\":\"SearchAction\",\"target\":{\"@type\":\"EntryPoint\",\"urlTemplate\":\"https:\/\/edeeste.com.do\/transparencia\/?s={search_term_string}\"},\"query-input\":{\"@type\":\"PropertyValueSpecification\",\"valueRequired\":true,\"valueName\":\"search_term_string\"}}],\"inLanguage\":\"es\"},{\"@type\":\"Organization\",\"@id\":\"https:\/\/edeeste.com.do\/transparencia\/#organization\",\"name\":\"EDEESTE - Portal de Transparencia Institucional\",\"url\":\"https:\/\/edeeste.com.do\/transparencia\/\",\"logo\":{\"@type\":\"ImageObject\",\"inLanguage\":\"es\",\"@id\":\"https:\/\/edeeste.com.do\/transparencia\/#\/schema\/logo\/image\/\",\"url\":\"\/transparencia\/wp-content\/uploads\/2017\/01\/Logo-EDEEste-Azul-Amarillo.png\",\"contentUrl\":\"\/transparencia\/wp-content\/uploads\/2017\/01\/Logo-EDEEste-Azul-Amarillo.png\",\"width\":2471,\"height\":1125,\"caption\":\"EDEESTE - Portal de Transparencia Institucional\"},\"image\":{\"@id\":\"https:\/\/edeeste.com.do\/transparencia\/#\/schema\/logo\/image\/\"},\"sameAs\":[\"https:\/\/www.facebook.com\/EDEEste\",\"https:\/\/x.com\/EdeesteRD\"]}]}<\/script>\n<!-- \/ Yoast SEO plugin. -->","yoast_head_json":{"title":"Pol\u00edticas de Privacidad | Empresa Distribuidora de Electricidad del Este","robots":{"index":"index","follow":"follow","max-snippet":"max-snippet:-1","max-image-preview":"max-image-preview:large","max-video-preview":"max-video-preview:-1"},"canonical":"https:\/\/edeeste.com.do\/transparencia\/index.php\/politicas-de-privacidad\/","og_locale":"es_ES","og_type":"article","og_title":"Pol\u00edticas de Privacidad | Empresa Distribuidora de Electricidad del Este","og_description":"Estas Pol\u00edticas (en adelante, las \u201cPol\u00edticas\u201d) condicionan el uso de los servicios del Portal de Internet \u201chttp:\/\/www.edeeste.com.do\/transparencia\u201d (en adelante, el \u201cPortal\u201d) de la Empresa Distribuidora de Electricidad del Este, S.A., (EDE Este), en lo que sigue, \u201cEDE Este\u201d, sociedad de servicio p\u00fablico constituida de conformidad con las leyes de la Rep\u00fablica Dominicana y bajo el [&hellip;]","og_url":"https:\/\/edeeste.com.do\/transparencia\/index.php\/politicas-de-privacidad\/","og_site_name":"Empresa Distribuidora de Electricidad del Este","article_publisher":"https:\/\/www.facebook.com\/EDEEste","article_modified_time":"2022-07-13T15:15:40+00:00","og_image":[{"width":2471,"height":1125,"url":"https:\/\/edeeste.com.do\/transparencia\/wp-content\/uploads\/2017\/01\/Logo-EDEEste-Azul-Amarillo.png","type":"image\/png"}],"twitter_card":"summary_large_image","twitter_site":"@EdeesteRD","twitter_misc":{"Tiempo de lectura":"10 minutos"},"schema":{"@context":"https:\/\/schema.org","@graph":[{"@type":"WebPage","@id":"https:\/\/edeeste.com.do\/transparencia\/index.php\/politicas-de-privacidad\/","url":"https:\/\/edeeste.com.do\/transparencia\/index.php\/politicas-de-privacidad\/","name":"Pol\u00edticas de Privacidad | Empresa Distribuidora de Electricidad del Este","isPartOf":{"@id":"https:\/\/edeeste.com.do\/transparencia\/#website"},"datePublished":"2016-08-03T20:35:40+00:00","dateModified":"2022-07-13T15:15:40+00:00","breadcrumb":{"@id":"https:\/\/edeeste.com.do\/transparencia\/index.php\/politicas-de-privacidad\/#breadcrumb"},"inLanguage":"es","potentialAction":[{"@type":"ReadAction","target":["https:\/\/edeeste.com.do\/transparencia\/index.php\/politicas-de-privacidad\/"]}]},{"@type":"BreadcrumbList","@id":"https:\/\/edeeste.com.do\/transparencia\/index.php\/politicas-de-privacidad\/#breadcrumb","itemListElement":[{"@type":"ListItem","position":1,"name":"Inicio","item":"https:\/\/edeeste.com.do\/transparencia\/"},{"@type":"ListItem","position":2,"name":"Pol\u00edticas de Privacidad"}]},{"@type":"WebSite","@id":"https:\/\/edeeste.com.do\/transparencia\/#website","url":"https:\/\/edeeste.com.do\/transparencia\/","name":"Empresa Distribuidora de Electricidad del Este","description":"Transparencia EDEESTE","publisher":{"@id":"https:\/\/edeeste.com.do\/transparencia\/#organization"},"potentialAction":[{"@type":"SearchAction","target":{"@type":"EntryPoint","urlTemplate":"https:\/\/edeeste.com.do\/transparencia\/?s={search_term_string}"},"query-input":{"@type":"PropertyValueSpecification","valueRequired":true,"valueName":"search_term_string"}}],"inLanguage":"es"},{"@type":"Organization","@id":"https:\/\/edeeste.com.do\/transparencia\/#organization","name":"EDEESTE - Portal de Transparencia Institucional","url":"https:\/\/edeeste.com.do\/transparencia\/","logo":{"@type":"ImageObject","inLanguage":"es","@id":"https:\/\/edeeste.com.do\/transparencia\/#\/schema\/logo\/image\/","url":"\/transparencia\/wp-content\/uploads\/2017\/01\/Logo-EDEEste-Azul-Amarillo.png","contentUrl":"\/transparencia\/wp-content\/uploads\/2017\/01\/Logo-EDEEste-Azul-Amarillo.png","width":2471,"height":1125,"caption":"EDEESTE - Portal de Transparencia Institucional"},"image":{"@id":"https:\/\/edeeste.com.do\/transparencia\/#\/schema\/logo\/image\/"},"sameAs":["https:\/\/www.facebook.com\/EDEEste","https:\/\/x.com\/EdeesteRD"]}]}},"_links":{"self":[{"href":"https:\/\/edeeste.com.do\/transparencia\/index.php\/wp-json\/wp\/v2\/pages\/6"}],"collection":[{"href":"https:\/\/edeeste.com.do\/transparencia\/index.php\/wp-json\/wp\/v2\/pages"}],"about":[{"href":"https:\/\/edeeste.com.do\/transparencia\/index.php\/wp-json\/wp\/v2\/types\/page"}],"author":[{"embeddable":true,"href":"https:\/\/edeeste.com.do\/transparencia\/index.php\/wp-json\/wp\/v2\/users\/1"}],"replies":[{"embeddable":true,"href":"https:\/\/edeeste.com.do\/transparencia\/index.php\/wp-json\/wp\/v2\/comments?post=6"}],"version-history":[{"count":1,"href":"https:\/\/edeeste.com.do\/transparencia\/index.php\/wp-json\/wp\/v2\/pages\/6\/revisions"}],"predecessor-version":[{"id":13845,"href":"https:\/\/edeeste.com.do\/transparencia\/index.php\/wp-json\/wp\/v2\/pages\/6\/revisions\/13845"}],"wp:attachment":[{"href":"https:\/\/edeeste.com.do\/transparencia\/index.php\/wp-json\/wp\/v2\/media?parent=6"}],"curies":[{"name":"wp","href":"https:\/\/api.w.org\/{rel}","templated":true}]}}